{"id":897,"date":"2014-05-22T12:19:43","date_gmt":"2014-05-22T12:19:43","guid":{"rendered":"http:\/\/demo.oxygentheme.com\/minimal\/demo-content\/?page_id=897"},"modified":"2026-03-30T22:15:23","modified_gmt":"2026-03-30T22:15:23","slug":"inicio","status":"publish","type":"page","link":"https:\/\/jlgoldstyle.com\/","title":{"rendered":"Inicio"},"content":{"rendered":"<div class=\"wpb-content-wrapper\"><p>[vc_row full_width=&#8221;stretch_row_content_no_spaces&#8221; css=&#8221;.vc_custom_1773554507242{padding-top: 0px !important;padding-bottom: 20px !important;}&#8221;][vc_column]<section class=\"joyeria-hero-slider\" id=\"joyeria-hero-slider-1\" data-joyeria-slider>\n\t\t<div class=\"joyeria-hero-slider__viewport\">\n\t\t\t\t\t\t\t\t\t\t\t<article\n\t\t\t\t\tclass=\"joyeria-hero-slide joyeria-hero-slide--image-left is-active\"\n\t\t\t\t\tdata-joyeria-slide\n\t\t\t\t\taria-hidden=\"false\"\n\t\t\t\t\tstyle=\"--joyeria-slide-bg:#f6f4f7;--joyeria-slide-accent:#c3a46b;\"\n\t\t\t\t>\n\t\t\t\t\t<div class=\"joyeria-hero-slide__inner\">\n\t\t\t\t\t\t<div class=\"joyeria-hero-slide__media\">\n\t\t\t\t\t\t\t<img fetchpriority=\"high\" width=\"1024\" height=\"1536\" src=\"https:\/\/jlgoldstyle.com\/wp-content\/uploads\/2026\/03\/ModelGoldStyle-2.png\" class=\"joyeria-hero-slide__image joyeria-hero-slide__image--desktop\" alt=\"ModelGoldStyle\" loading=\"eager\" decoding=\"async\" srcset=\"https:\/\/jlgoldstyle.com\/wp-content\/uploads\/2026\/03\/ModelGoldStyle-2.png 1024w, https:\/\/jlgoldstyle.com\/wp-content\/uploads\/2026\/03\/ModelGoldStyle-2-200x300.png 200w, https:\/\/jlgoldstyle.com\/wp-content\/uploads\/2026\/03\/ModelGoldStyle-2-683x1024.png 683w, https:\/\/jlgoldstyle.com\/wp-content\/uploads\/2026\/03\/ModelGoldStyle-2-768x1152.png 768w, https:\/\/jlgoldstyle.com\/wp-content\/uploads\/2026\/03\/ModelGoldStyle-2-600x900.png 600w\" sizes=\"(max-width: 1024px) 100vw, 1024px\" \/><img width=\"683\" height=\"1024\" src=\"https:\/\/jlgoldstyle.com\/wp-content\/uploads\/2026\/03\/ModelGoldStyle-2-683x1024.png\" class=\"joyeria-hero-slide__image joyeria-hero-slide__image--mobile\" alt=\"ModelGoldStyle\" loading=\"lazy\" decoding=\"async\" srcset=\"https:\/\/jlgoldstyle.com\/wp-content\/uploads\/2026\/03\/ModelGoldStyle-2-683x1024.png 683w, https:\/\/jlgoldstyle.com\/wp-content\/uploads\/2026\/03\/ModelGoldStyle-2-200x300.png 200w, https:\/\/jlgoldstyle.com\/wp-content\/uploads\/2026\/03\/ModelGoldStyle-2-768x1152.png 768w, https:\/\/jlgoldstyle.com\/wp-content\/uploads\/2026\/03\/ModelGoldStyle-2-600x900.png 600w, https:\/\/jlgoldstyle.com\/wp-content\/uploads\/2026\/03\/ModelGoldStyle-2.png 1024w\" sizes=\"auto, (max-width: 683px) 100vw, 683px\" \/>\t\t\t\t\t\t<\/div>\n\n\t\t\t\t\t\t<div class=\"joyeria-hero-slide__content\">\n\t\t\t\t\t\t\t\t\t\t\t\t\t\t\t<p class=\"joyeria-hero-slide__eyebrow\">Alta Joyer\u00eda en Oro<\/p>\n\t\t\t\t\t\t\t\n\t\t\t\t\t\t\t\t\t\t\t\t\t\t\t<h2 class=\"joyeria-hero-slide__title\">Oro Atemporal. Estilo Moderno.<\/h2>\n\t\t\t\t\t\t\t\n\t\t\t\t\t\t\t\t\t\t\t\t\t\t\t<div class=\"joyeria-hero-slide__description\"><p>Creado en oro aut\u00e9ntico. Dise\u00f1ado para el lujo diario.<\/p>\n<\/div>\n\t\t\t\t\t\t\t\n\t\t\t\t\t\t\t\t\t\t\t\t\t\t\t<p class=\"joyeria-hero-slide__price\">Desde $50<\/p>\n\t\t\t\t\t\t\t\n\t\t\t\t\t\t\t\t\t\t\t\t\t\t\t<p class=\"joyeria-hero-slide__fine-print\">*Env\u00edo gratuito en EE. UU. en piezas seleccionadas!<\/p>\n\t\t\t\t\t\t\t\n\t\t\t\t\t\t\t\t\t\t\t\t\t\t\t<a class=\"joyeria-hero-slide__button\" href=\"https:\/\/jlgoldstyle.com\/?post_type=product\">\n\t\t\t\t\t\t\t\t\tEXPLORAR AHORA\t\t\t\t\t\t\t\t<\/a>\n\t\t\t\t\t\t\t\t\t\t\t\t\t<\/div>\n\t\t\t\t\t<\/div>\n\t\t\t\t<\/article>\n\t\t\t\t\t\t\t\t\t\t\t<article\n\t\t\t\t\tclass=\"joyeria-hero-slide joyeria-hero-slide--image-left\"\n\t\t\t\t\tdata-joyeria-slide\n\t\t\t\t\taria-hidden=\"true\"\n\t\t\t\t\tstyle=\"--joyeria-slide-bg:#f7f5f3;--joyeria-slide-accent:#c3a46b;\"\n\t\t\t\t>\n\t\t\t\t\t<div class=\"joyeria-hero-slide__inner\">\n\t\t\t\t\t\t<div class=\"joyeria-hero-slide__media\">\n\t\t\t\t\t\t\t<img width=\"694\" height=\"1252\" src=\"https:\/\/jlgoldstyle.com\/wp-content\/uploads\/2026\/03\/ChatGPT-Image-Jan-27-2026-12_22_02-AM-e1769495177661.png\" class=\"joyeria-hero-slide__image joyeria-hero-slide__image--desktop\" alt=\"El Oro lo dice todo\" loading=\"lazy\" decoding=\"async\" srcset=\"https:\/\/jlgoldstyle.com\/wp-content\/uploads\/2026\/03\/ChatGPT-Image-Jan-27-2026-12_22_02-AM-e1769495177661.png 694w, https:\/\/jlgoldstyle.com\/wp-content\/uploads\/2026\/03\/ChatGPT-Image-Jan-27-2026-12_22_02-AM-e1769495177661-166x300.png 166w, https:\/\/jlgoldstyle.com\/wp-content\/uploads\/2026\/03\/ChatGPT-Image-Jan-27-2026-12_22_02-AM-e1769495177661-568x1024.png 568w, https:\/\/jlgoldstyle.com\/wp-content\/uploads\/2026\/03\/ChatGPT-Image-Jan-27-2026-12_22_02-AM-e1769495177661-600x1082.png 600w\" sizes=\"auto, (max-width: 694px) 100vw, 694px\" \/><img width=\"568\" height=\"1024\" src=\"https:\/\/jlgoldstyle.com\/wp-content\/uploads\/2026\/03\/ChatGPT-Image-Jan-27-2026-12_22_02-AM-e1769495177661-568x1024.png\" class=\"joyeria-hero-slide__image joyeria-hero-slide__image--mobile\" alt=\"El Oro lo dice todo\" loading=\"lazy\" decoding=\"async\" srcset=\"https:\/\/jlgoldstyle.com\/wp-content\/uploads\/2026\/03\/ChatGPT-Image-Jan-27-2026-12_22_02-AM-e1769495177661-568x1024.png 568w, https:\/\/jlgoldstyle.com\/wp-content\/uploads\/2026\/03\/ChatGPT-Image-Jan-27-2026-12_22_02-AM-e1769495177661-166x300.png 166w, https:\/\/jlgoldstyle.com\/wp-content\/uploads\/2026\/03\/ChatGPT-Image-Jan-27-2026-12_22_02-AM-e1769495177661-600x1082.png 600w, https:\/\/jlgoldstyle.com\/wp-content\/uploads\/2026\/03\/ChatGPT-Image-Jan-27-2026-12_22_02-AM-e1769495177661.png 694w\" sizes=\"auto, (max-width: 568px) 100vw, 568px\" \/>\t\t\t\t\t\t<\/div>\n\n\t\t\t\t\t\t<div class=\"joyeria-hero-slide__content\">\n\t\t\t\t\t\t\t\t\t\t\t\t\t\t\t<p class=\"joyeria-hero-slide__eyebrow\">El Oro lo dice todo<\/p>\n\t\t\t\t\t\t\t\n\t\t\t\t\t\t\t\t\t\t\t\t\t\t\t<h2 class=\"joyeria-hero-slide__title\">No Se  Necesitan Palabras<\/h2>\n\t\t\t\t\t\t\t\n\t\t\t\t\t\t\t\n\t\t\t\t\t\t\t\n\t\t\t\t\t\t\t\t\t\t\t\t\t\t\t<p class=\"joyeria-hero-slide__fine-print\">*Env\u00edo gratuito en EE. UU. en piezas seleccionadas!<\/p>\n\t\t\t\t\t\t\t\n\t\t\t\t\t\t\t\t\t\t\t\t\t\t\t<a class=\"joyeria-hero-slide__button\" href=\"https:\/\/jlgoldstyle.com\/?post_type=product\">\n\t\t\t\t\t\t\t\t\tEXPLORAR AHORA\t\t\t\t\t\t\t\t<\/a>\n\t\t\t\t\t\t\t\t\t\t\t\t\t<\/div>\n\t\t\t\t\t<\/div>\n\t\t\t\t<\/article>\n\t\t\t\t\t\t\t\t\t\t\t<article\n\t\t\t\t\tclass=\"joyeria-hero-slide joyeria-hero-slide--image-left\"\n\t\t\t\t\tdata-joyeria-slide\n\t\t\t\t\taria-hidden=\"true\"\n\t\t\t\t\tstyle=\"--joyeria-slide-bg:#f7f5f3;--joyeria-slide-accent:#c3a46b;\"\n\t\t\t\t>\n\t\t\t\t\t<div class=\"joyeria-hero-slide__inner\">\n\t\t\t\t\t\t<div class=\"joyeria-hero-slide__media\">\n\t\t\t\t\t\t\t<img width=\"1024\" height=\"1536\" src=\"https:\/\/jlgoldstyle.com\/wp-content\/uploads\/2026\/03\/Beatifult-Girl-gold-1.png\" class=\"joyeria-hero-slide__image joyeria-hero-slide__image--desktop\" alt=\"Mujer Hermosa con Oro\" loading=\"lazy\" decoding=\"async\" srcset=\"https:\/\/jlgoldstyle.com\/wp-content\/uploads\/2026\/03\/Beatifult-Girl-gold-1.png 1024w, https:\/\/jlgoldstyle.com\/wp-content\/uploads\/2026\/03\/Beatifult-Girl-gold-1-200x300.png 200w, https:\/\/jlgoldstyle.com\/wp-content\/uploads\/2026\/03\/Beatifult-Girl-gold-1-683x1024.png 683w, https:\/\/jlgoldstyle.com\/wp-content\/uploads\/2026\/03\/Beatifult-Girl-gold-1-768x1152.png 768w, https:\/\/jlgoldstyle.com\/wp-content\/uploads\/2026\/03\/Beatifult-Girl-gold-1-600x900.png 600w\" sizes=\"auto, (max-width: 1024px) 100vw, 1024px\" \/><img width=\"683\" height=\"1024\" src=\"https:\/\/jlgoldstyle.com\/wp-content\/uploads\/2026\/03\/Beatifult-Girl-gold-1-683x1024.png\" class=\"joyeria-hero-slide__image joyeria-hero-slide__image--mobile\" alt=\"Mujer Hermosa con Oro\" loading=\"lazy\" decoding=\"async\" srcset=\"https:\/\/jlgoldstyle.com\/wp-content\/uploads\/2026\/03\/Beatifult-Girl-gold-1-683x1024.png 683w, https:\/\/jlgoldstyle.com\/wp-content\/uploads\/2026\/03\/Beatifult-Girl-gold-1-200x300.png 200w, https:\/\/jlgoldstyle.com\/wp-content\/uploads\/2026\/03\/Beatifult-Girl-gold-1-768x1152.png 768w, https:\/\/jlgoldstyle.com\/wp-content\/uploads\/2026\/03\/Beatifult-Girl-gold-1-600x900.png 600w, https:\/\/jlgoldstyle.com\/wp-content\/uploads\/2026\/03\/Beatifult-Girl-gold-1.png 1024w\" sizes=\"auto, (max-width: 683px) 100vw, 683px\" \/>\t\t\t\t\t\t<\/div>\n\n\t\t\t\t\t\t<div class=\"joyeria-hero-slide__content\">\n\t\t\t\t\t\t\t\t\t\t\t\t\t\t\t<p class=\"joyeria-hero-slide__eyebrow\">Esenciales Modernos en Oro<\/p>\n\t\t\t\t\t\t\t\n\t\t\t\t\t\t\t\t\t\t\t\t\t\t\t<h2 class=\"joyeria-hero-slide__title\">Hecho para Brillar Todos los D\u00edas<\/h2>\n\t\t\t\t\t\t\t\n\t\t\t\t\t\t\t\t\t\t\t\t\t\t\t<div class=\"joyeria-hero-slide__description\"><p>Piezas elegantes en oro dise\u00f1adas para acompa\u00f1arte con naturalidad del d\u00eda a la noche.<\/p>\n<\/div>\n\t\t\t\t\t\t\t\n\t\t\t\t\t\t\t\t\t\t\t\t\t\t\t<p class=\"joyeria-hero-slide__price\">Desde $75<\/p>\n\t\t\t\t\t\t\t\n\t\t\t\t\t\t\t\t\t\t\t\t\t\t\t<p class=\"joyeria-hero-slide__fine-print\">*Env\u00edo gratis en EE. UU. en piezas seleccionadas.<\/p>\n\t\t\t\t\t\t\t\n\t\t\t\t\t\t\t\t\t\t\t\t\t\t\t<a class=\"joyeria-hero-slide__button\" href=\"https:\/\/jlgoldstyle.com\/?post_type=product\">\n\t\t\t\t\t\t\t\t\tEXPLORAR AHORA\t\t\t\t\t\t\t\t<\/a>\n\t\t\t\t\t\t\t\t\t\t\t\t\t<\/div>\n\t\t\t\t\t<\/div>\n\t\t\t\t<\/article>\n\t\t\t\t\t<\/div>\n\n\t\t\t\t\t<button class=\"joyeria-hero-slider__arrow joyeria-hero-slider__arrow--prev\" type=\"button\" aria-label=\"Slide anterior\" data-joyeria-prev>\n\t\t\t\t<span aria-hidden=\"true\">&#8249;<\/span>\n\t\t\t<\/button>\n\t\t\t<button class=\"joyeria-hero-slider__arrow joyeria-hero-slider__arrow--next\" type=\"button\" aria-label=\"Slide siguiente\" data-joyeria-next>\n\t\t\t\t<span aria-hidden=\"true\">&#8250;<\/span>\n\t\t\t<\/button>\n\n\t\t\t<div class=\"joyeria-hero-slider__dots\" aria-label=\"Selector de slides\">\n\t\t\t\t\t\t\t\t\t<button\n\t\t\t\t\t\tclass=\"joyeria-hero-slider__dot is-active\"\n\t\t\t\t\t\ttype=\"button\"\n\t\t\t\t\t\taria-label=\"Ir al slide 1\"\n\t\t\t\t\t\tdata-joyeria-dot=\"0\"\n\t\t\t\t\t><\/button>\n\t\t\t\t\t\t\t\t\t<button\n\t\t\t\t\t\tclass=\"joyeria-hero-slider__dot\"\n\t\t\t\t\t\ttype=\"button\"\n\t\t\t\t\t\taria-label=\"Ir al slide 2\"\n\t\t\t\t\t\tdata-joyeria-dot=\"1\"\n\t\t\t\t\t><\/button>\n\t\t\t\t\t\t\t\t\t<button\n\t\t\t\t\t\tclass=\"joyeria-hero-slider__dot\"\n\t\t\t\t\t\ttype=\"button\"\n\t\t\t\t\t\taria-label=\"Ir al slide 3\"\n\t\t\t\t\t\tdata-joyeria-dot=\"2\"\n\t\t\t\t\t><\/button>\n\t\t\t\t\t\t\t<\/div>\n\t\t\t<\/section>[\/vc_column][\/vc_row][vc_row css=&#8221;.vc_custom_1430936537476{padding-top: 30px !important;padding-bottom: 20px !important;}&#8221;][vc_column width=&#8221;1\/3&#8243;][laborator_banner2 image=&#8221;2861&#8243; size=&#8221;720&#215;450&#8243; is_category_link=&#8221;yes&#8221; product_term_id=&#8221;461&#8243; font_color=&#8221;#ffffff&#8221; overlay_bg=&#8221;#00000000&#8243; animation_delay=&#8221;100ms&#8221;][\/vc_column][vc_column width=&#8221;1\/3&#8243;][laborator_banner2 image=&#8221;2762&#8243; size=&#8221;720&#215;450&#8243; is_category_link=&#8221;yes&#8221; product_term_id=&#8221;463&#8243; font_color=&#8221;#ffffff&#8221; overlay_bg=&#8221;rgba(0,0,0,0.01)&#8221; animation_delay=&#8221;200ms&#8221;][\/vc_column][vc_column width=&#8221;1\/3&#8243;][laborator_banner2 image=&#8221;3190&#8243; size=&#8221;720&#215;450&#8243; is_category_link=&#8221;yes&#8221; product_term_id=&#8221;459&#8243; font_color=&#8221;#ffffff&#8221; overlay_bg=&#8221;rgba(0,0,0,0.01)&#8221; animation_delay=&#8221;300ms&#8221;][\/vc_column][\/vc_row][vc_row css=&#8221;.vc_custom_1430319434397{padding-top: 30px !important;padding-bottom: 30px !important;}&#8221;][vc_column][vc_text_separator separator_style=&#8221;one-line-border&#8221; title=&#8221;Productos Destacados&#8221; color=&#8221;black&#8221; css=&#8221;&#8221;][\/vc_column][\/vc_row][vc_row][vc_column][laborator_products_carousel row_clear=&#8221;4&#8243; auto_rotate=&#8221;0&#8243; products_query=&#8221;size:12|order_by:date|order:DESC|post_type:product&#8221;][\/vc_column][\/vc_row][vc_row css=&#8221;.vc_custom_1401220488150{padding-top: 20px !important;padding-bottom: 20px !important;}&#8221;][vc_column][vc_text_separator separator_style=&#8221;one-line-border&#8221; title=&#8221;Oro &amp; Estilo&#8221; color=&#8221;black&#8221; css=&#8221;&#8221; subtitle=&#8221;Inspiraci\u00f3n y tendencias en joyer\u00eda fina&#8221;][vc_wp_posts number=&#8221;2&#8243;][\/vc_column][\/vc_row][vc_row][vc_column][laborator_blog_posts row_clear=&#8221;3&#8243; equal_heights=&#8221;1&#8243; blog_query=&#8221;size:3|order_by:date|post_type:post&#8221;][\/vc_column][\/vc_row][vc_row][vc_column][vc_widget_sidebar sidebar_id=&#8221;shop_footer_sidebar&#8221;][\/vc_column][\/vc_row]<\/p>\n<\/div>","protected":false},"excerpt":{"rendered":"<p>[vc_row full_width=&#8221;stretch_row_content_no_spaces&#8221; css=&#8221;.vc_custom_1773554507242{padding-top: 0px !important;padding-bottom: 20px !important;}&#8221;][vc_column][\/vc_column][\/vc_row][vc_row css=&#8221;.vc_custom_1430936537476{padding-top: 30px !important;padding-bottom: 20px !important;}&#8221;][vc_column width=&#8221;1\/3&#8243;][laborator_banner2 image=&#8221;2861&#8243; size=&#8221;720&#215;450&#8243; is_category_link=&#8221;yes&#8221; product_term_id=&#8221;461&#8243; font_color=&#8221;#ffffff&#8221; overlay_bg=&#8221;#00000000&#8243; animation_delay=&#8221;100ms&#8221;][\/vc_column][vc_column width=&#8221;1\/3&#8243;][laborator_banner2 image=&#8221;2762&#8243; size=&#8221;720&#215;450&#8243; is_category_link=&#8221;yes&#8221; product_term_id=&#8221;463&#8243; font_color=&#8221;#ffffff&#8221; overlay_bg=&#8221;rgba(0,0,0,0.01)&#8221; animation_delay=&#8221;200ms&#8221;][\/vc_column][vc_column width=&#8221;1\/3&#8243;][laborator_banner2 image=&#8221;3190&#8243; size=&#8221;720&#215;450&#8243; is_category_link=&#8221;yes&#8221; product_term_id=&#8221;459&#8243; font_color=&#8221;#ffffff&#8221; overlay_bg=&#8221;rgba(0,0,0,0.01)&#8221; animation_delay=&#8221;300ms&#8221;][\/vc_column][\/vc_row][vc_row css=&#8221;.vc_custom_1430319434397{padding-top: 30px&hellip;<\/p>\n","protected":false},"author":1,"featured_media":0,"parent":0,"menu_order":0,"comment_status":"open","ping_status":"closed","template":"","meta":{"_acf_changed":false,"footnotes":""},"class_list":["post-897","page","type-page","status-publish","hentry"],"acf":[],"lang":"es","translations":{"es":897,"en":3391},"pll_sync_post":[],"_links":{"self":[{"href":"https:\/\/jlgoldstyle.com\/index.php?rest_route=\/wp\/v2\/pages\/897","targetHints":{"allow":["GET"]}}],"collection":[{"href":"https:\/\/jlgoldstyle.com\/index.php?rest_route=\/wp\/v2\/pages"}],"about":[{"href":"https:\/\/jlgoldstyle.com\/index.php?rest_route=\/wp\/v2\/types\/page"}],"author":[{"embeddable":true,"href":"https:\/\/jlgoldstyle.com\/index.php?rest_route=\/wp\/v2\/users\/1"}],"replies":[{"embeddable":true,"href":"https:\/\/jlgoldstyle.com\/index.php?rest_route=%2Fwp%2Fv2%2Fcomments&post=897"}],"version-history":[{"count":34,"href":"https:\/\/jlgoldstyle.com\/index.php?rest_route=\/wp\/v2\/pages\/897\/revisions"}],"predecessor-version":[{"id":3656,"href":"https:\/\/jlgoldstyle.com\/index.php?rest_route=\/wp\/v2\/pages\/897\/revisions\/3656"}],"wp:attachment":[{"href":"https:\/\/jlgoldstyle.com\/index.php?rest_route=%2Fwp%2Fv2%2Fmedia&parent=897"}],"curies":[{"name":"wp","href":"https:\/\/api.w.org\/{rel}","templated":true}]}}